
1
Let g be (2/2 + 2 - 3) + 0. Suppose g = -6*b + b + 280. What is the units digit of b?
6
Let g be (4 + 284/16)*4. Suppose -2*r - 3 = -g. What is the tens digit of r?
4
Let c be (0 + -1)/(7/42*-2). Suppose c*o = 4*j - 204, 2*o = -3*j - 0*o + 170. What is the units digit of j?
4
Suppose 2*b = 5*y - 28, -4*b = 4*y - 0*y. Let g be (b/(12/(-21)))/1. Let i(v) = v**2 - 3*v - 8. What is the units digit of i(g)?
0
Let z = -516 - -268. Let i = -175 - z. What is the tens digit of i?
7
Suppose 0 = 5*i - 4*i + 27. Let q(y) = -y**3 + 6*y**2 + 3*y + 5. Let w be q(5). Let f = w + i. What is the tens digit of f?
1
Let w(q) = -23*q - 8. Let m be (-21)/(-9)*-1 - 5/(-15). What is the units digit of w(m)?
8
Let h(x) = -8*x - 10. Let c = 19 - 9. Suppose c = -t - t. What is the units digit of h(t)?
0
Let g(u) be the third derivative of 0*u + 1/6*u**4 + 7/60*u**5 - 1/2*u**3 + 0 + 4*u**2. What is the units digit of g(2)?
3
Let i(q) = 19*q + 4. Let t be i(16). Suppose 7*m - t = 3*m. What is the units digit of m?
7
Let q(j) be the third derivative of j**6/120 - j**5/30 - j**4/6 - j**3/6 + 2*j**2. Let b be (-10)/(-25) + (-36)/(-10). What is the units digit of q(b)?
5
Suppose 21*t - 15*t = 12. What is the units digit of t?
2
Suppose 0 = -6*a - 695 + 2855. Suppose -4*v - d + a = 0, v = -2*v - 4*d + 283. What is the units digit of v?
9
Let r(d) = -213*d - 98. What is the units digit of r(-10)?
2
Let b = 37 + -40. What is the units digit of 3/(-2)*(b - 31)?
1
Let m(r) be the first derivative of -r**3/3 + 14*r**2 - 3*r - 25. What is the tens digit of m(20)?
5
Let k = 42 + 23. Suppose 6*u - u = k. Let f = 3 + u. What is the tens digit of f?
1
Let n(g) = -g**3 + g**2 + g - 9. Let f be n(-4). Suppose -37 = 5*j - f. What is the units digit of j?
6
Suppose 4*f = -3*o + 103, 3*f = o - 2*f - 66. Suppose o = p - 5. Suppose -p - 20 = -2*g. What is the tens digit of g?
3
Let w(b) = 53*b**3 + b**2 + 16*b - 7. What is the thousands digit of w(4)?
3
Let o = 402 - 99. What is the hundreds digit of o?
3
Suppose -131 = -c + 79. Suppose 8*h + c = 10*h. What is the units digit of h?
5
What is the tens digit of 10/(-5) - (-2 + 0 + -918)?
1
Let i(a) be the second derivative of a**5/10 + 5*a**4/12 - a**3/6 + a. Let b be i(-4). What is the tens digit of b/(-8)*2 - 1?
1
Let h(v) = -7*v + 3. Let m be 50/(-18) - (-14)/(-63). Let b be h(m). Suppose -4*p + b = -3*p. What is the tens digit of p?
2
Let k be ((-4)/(-20))/(6/(-15))*0. Suppose q + 3*f + 234 = 2*q, 2*f + 10 = k. What is the units digit of q?
9
Suppose 319 = -p + 5*p - 3*g, 3*g = -5*p + 419. What is the units digit of (-1)/(-1 - -2) + -4 + p?
7
Let v be 2 - 4 - (-2)/(-2). Let g(t) = -9*t + 8. What is the units digit of g(v)?
5
Suppose -8*t = 774 - 46. Let m = t - -147. What is the units digit of m?
6
Let i(b) = -1. Let u(r) = 9*r + 1. Let g(q) = 3*i(q) + u(q). Let p be g(2). What is the tens digit of 2/(-8) + 580/p?
3
Let r(d) = d**3 - 5*d**2 + 4. Let f be r(5). Let w(o) = -o**3 + 4*o**2 - o + 9. What is the units digit of w(f)?
5
Let t(j) = j**3 - 11*j**2 + 10*j + 2. Let w be t(10). Let k be (-4 - -3) + (4 - w). Let f(b) = 23*b**2 - 2*b + 1. What is the units digit of f(k)?
2
Suppose 0 = 4*g - 5*l - 72, -8*g - 2*l + 72 = -4*g. Suppose 0 = 3*f + d + d + g, 25 = -4*f - 3*d. What is the units digit of -1*(4 - (18 - f))?
8
Suppose -w = -0*w - 2*s - 15, -3*w + 9 = 3*s. Suppose -5*t + w*t - 6 = 0. What is the units digit of t?
3
Let z = 557 + 11. What is the tens digit of z?
6
What is the hundreds digit of (790 - 77) + (-1 + 1)/(-2)?
7
Suppose 2*n - 24 = -4*n. Suppose n*i - 508 = 4*c, 0*i - 3*c + 254 = 2*i. What is the hundreds digit of i?
1
Let a = -95 - -212. Suppose -x + 2*t + a = -0*x, 4*x - 453 = 5*t. What is the units digit of x?
7
Let g(k) = k - 3. Let v be g(7). Suppose -22 = -x - x + 2*n, 0 = -v*n + 4. What is the units digit of x?
2
What is the units digit of (-1560)/70*357/(-6)?
6
Let g(n) = -10*n**3 - 4*n**2 - 3*n - 2. Let f be g(-2). Suppose i - 4*q + f = -i, -2*q = i + 22. Let m = 40 + i. What is the tens digit of m?
1
Let f be -3*(0 - (-8)/(-6)). Suppose 5*u + 4*z = 3*z + 24, -f*z = 5*u - 21. Suppose k - 1 - 7 = -u*t, -k - 4*t + 11 = 0. What is the tens digit of k?
2
Let l = 37 - 41. Let h(f) = f**2 - 4*f - 4. What is the units digit of h(l)?
8
Suppose 9*c = 3*c. What is the units digit of 169 - (c/1 + 3)?
6
What is the thousands digit of (-79335)/(-43) + 5 + -1?
1
Suppose 2*h = 5*i + 2337, 0 = 2*h - 4*i - 925 - 1409. What is the units digit of h?
1
Suppose -3*i + 9 = -18. Let b = 10 - i. What is the units digit of (-12)/4 - (-18)/b?
5
Let g(f) = f**3 - 7*f**2 + f - 2. Let q = -4 + 11. Let z be g(q). Suppose -1 + z = 4*j. What is the units digit of j?
1
Suppose -4*v = -0*b + 4*b + 80, 0 = -3*v + 2*b - 75. Let o = v + 62. What is the tens digit of (0 - o*-1) + -2?
3
Let a be 11/11 + (-38)/(-2). Let m(p) = p**2 - 9*p + 2. Let v be m(a). Suppose -4*h - 3*g + 5*g = -v, 4*h + 5*g - 187 = 0. What is the units digit of h?
3
Let a(k) = 40*k**2 - 40. What is the units digit of a(8)?
0
Suppose -l = 2*l - 21. Suppose 3*s - 1 = -13. What is the units digit of l + 2/2*s?
3
Suppose -1 + 4 = -u. Let p be u/3 + 2 + 3. Suppose -3*z + 5*v = -61, -p*z - 2*v + 85 = -5*v. What is the units digit of z?
2
Let q = 2 - 0. Let d = q - 2. What is the units digit of (2 - d)/((-6)/(-42))?
4
Let p(h) = 26*h + 2. Let b be p(1). Suppose -14*i = -12*i - b. Let g(m) = m**2 - 14*m + 5. What is the units digit of g(i)?
5
Suppose -2*s - 13 = -f, -8 = -4*f + 5*s + 29. What is the tens digit of f + -2 + (119 - 0)?
2
Let f(d) = -d**3 + 13*d**2 - 6*d + 5. Let o be f(11). Let w = o - 104. Suppose -2*x + 58 = 2*v, -4*v = -4*x - 23 - w. What is the units digit of v?
7
What is the tens digit of 5388 + 8/(-12)*15/(-2)?
9
Suppose 3*r - i = 961, 4*r - r + 4*i = 986. What is the hundreds digit of r?
3
Let k(u) = 162*u - 167. What is the units digit of k(13)?
9
Suppose 2*u + 2*q = -u + 1010, -4*u = -q - 1343. Suppose 6*x - 66 - u = 0. What is the units digit of x?
7
Suppose 123 = 3*r - 39. Let g be (-8)/18*(-6552)/112. Let h = r - g. What is the units digit of h?
8
Suppose -2*t + 921 + 2447 = -3*l, -5*l + 6780 = 4*t. What is the tens digit of t?
9
What is the tens digit of 1 + 5298/(-18)*-3?
8
Let j(c) = -6*c**3 - 2*c**2 + 6*c - 2. What is the units digit of j(-3)?
4
Suppose c - 80 = -3*v - 17, -2*v - 222 = -3*c. Let p = -176 + c. Let o = 150 + p. What is the units digit of o?
6
Let h(y) = -y**3 + 6*y**2 - y + 1. Let w be h(6). Let b be (w/15)/(2/(-36)). Suppose -b*f + 280 = -14. What is the tens digit of f?
4
Suppose 4*h = 2*z + 30, 2*z + 5*h - 9 = 6. Let o be (-2)/z - 26/(-10). Suppose -2*a + 172 = 4*y, o*y - 2*a = -0*a + 136. What is the units digit of y?
4
Let o be (3/5)/(2/170). Let k = o - -80. What is the tens digit of k?
3
Let g(l) = -l**3 - 9*l**2 - 11*l - 18. Let n be g(-8). Suppose 0 = -2*d + n*f - 5*f + 263, -f = 4*d - 529. What is the units digit of d?
2
Let l = -10 - -10. Suppose 2*c = h - 10, -2*h + 15 = -l*h - 3*c. Suppose 3*m - 57 - 30 = h. What is the units digit of m?
9
Suppose -13*q + 2*z = -14*q + 153, 3*z - 786 = -5*q. What is the units digit of q?
9
What is the units digit of -8*2/(-2) + 167?
5
Let b be (580/6 + (-8)/(-24))*-2. What is the hundreds digit of (-28)/(-7) + (-18)/3 - b?
1
Let m = 8 - 5. Suppose -7 - m = 2*x. Let t(p) = -p**3 - 3*p**2 - 4*p + 7. What is the units digit of t(x)?
7
Suppose i + 1 = -5*n + 2*n, -5 = -i + 3*n. Suppose 8 = 2*c, 5*c - i = 2*x - 42. What is the tens digit of x?
3
Let l = 132 + -71. What is the units digit of l?
1
Suppose -5*m + m - 234 = -5*x, 0 = 4*m - 16. Suppose 0 = -v - v + x. What is the tens digit of v?
2
Suppose 2*k = -5*m, -m = -k + m. Let q be (-3 + 0 + k)/(-1). Suppose 0 = b - 3, 3*u + q*b = -0*u + 174. What is the tens digit of u?
5
Suppose -5826*s + 5832*s = 11190. What is the hundreds digit of s?
8
Suppose 4*x = -0*x - 16, 696 = 3*q - 3*x. Suppose -q = -r - 2*r. What is the tens digit of r?
7
Let z = -20 - -13. What is the tens digit of (z/(-14))/((-3)/(-708))?
1
Let g = 1530 + -375. What is the units digit of g?
5
Let z(m) = m**3 - 7*m**2 - 5*m - 8. Let i be z(8). Suppose -i*u = -14*u - 74. What is the tens digit of u?
3
Suppose 0 = -2*r + 10 - 2. Suppose 0 = -2*v + 2*u + 82, r*v + u - 179 = 2*u. What